visor of 9417 and 12384?
129
Calculate the highest common divisor of 25450 and 400.
50
What is the highest common divisor of 25811 and 67693?
487
What is the highest common divisor of 15663 and 138?
69
Calculate the greatest common divisor of 432 and 17664.
48
Calculate the highest common divisor of 33 and 5101734.
33
What is the greatest common factor of 1419 and 73659?
129
Calculate the highest common divisor of 7138 and 1634.
86
What is the greatest common factor of 132 and 37554?
66
What is the greatest common factor of 464921 and 194?
97
Calculate the greatest common factor of 699382 and 482.
482
What is the greatest common factor of 173061 and 27?
9
Calculate the greatest common divisor of 590795 and 865.
865
Calculate the highest common factor of 24 and 1500.
12
What is the greatest common divisor of 481992 and 57?
57
What is the highest common divisor of 16 and 29296?
16
What is the greatest common factor of 2015 and 3250?
65
Calculate the highest common divisor of 2300 and 323840.
460
Calculate the highest common divisor of 10265820 and 30.
30
Calculate the greatest common divisor of 6200 and 41292.
124
Calculate the greatest common factor of 1617659 and 5612.
1403
Calculate the greatest common factor of 14 and 2284058.
14
Calculate the greatest common divisor of 288215 and 295.
295
What is the greatest common divisor of 76331 and 962?
37
What is the greatest common divisor of 817990 and 10?
10
What is the highest common factor of 101451 and 371?
7
Calculate the highest common factor of 57760 and 15485.
95
What is the greatest common factor of 72732 and 20273?
209
What is the highest common factor of 1890 and 15365?
35
What is the greatest common factor of 456 and 6168?
24
Calculate the greatest common divisor of 3179498 and 14.
14
Calculate the greatest common divisor of 36800 and 1012.
92
Calculate the greatest common factor of 1287 and 436059.
117
What is the greatest common divisor of 4959 and 7794?
9
Calculate the highest common divisor of 77 and 36927.
11
Calculate the greatest common divisor of 713 and 1173.
23
Calculate the highest common factor of 2925 and 450099.
117
Calculate the highest common factor of 74250 and 1800.
450
Calculate the highest common factor of 20740 and 488.
244
Calculate the highest common divisor of 239 and 294209.
239
Calculate the greatest common factor of 40 and 10784920.
40
What is the greatest common factor of 300 and 46650?
150
What is the greatest common divisor of 125307 and 5670?
567
What is the greatest common divisor of 12335 and 10?
5
What is the greatest common divisor of 4186311 and 1695?
339
What is the greatest common factor of 131529 and 5?
1
Calculate the highest common factor of 500 and 187625.
125
What is the highest common divisor of 64746 and 110?
22
What is the highest common factor of 129899 and 77?
77
Calculate the greatest common divisor of 912 and 768.
48
Calculate the greatest common factor of 525 and 604975.
175
Calculate the greatest common factor of 384 and 1041.
3
Calculate the highest common factor of 1252 and 4534118.
626
What is the highest common factor of 13392 and 46500?
372
Calculate the greatest common divisor of 36 and 118134.
18
Calculate the highest common divisor of 45912 and 84.
12
What is the greatest common factor of 10982 and 1558?
38
What is the greatest common factor of 45 and 19935?
45
What is the highest common divisor of 30 and 8344410?
30
Calculate the highest common factor of 2366 and 325.
13
What is the greatest common divisor of 55327 and 488?
61
What is the highest common divisor of 2316 and 952648?
772
What is the highest common divisor of 24 and 457650?
6
What is the highest common factor of 386454 and 87?
87
What is the greatest common factor of 9407 and 10465?
23
Calculate the highest common divisor of 7734 and 1228417.
1289
What is the greatest common factor of 5622 and 6?
6
What is the highest common divisor of 255 and 361488?
51
What is the greatest common factor of 33499 and 1946?
139
Calculate the greatest common divisor of 576 and 657.
9
Calculate the highest common divisor of 507 and 474.
3
What is the highest common factor of 58256 and 4532?
44
Calculate the highest common divisor of 2976 and 36208.
496
What is the greatest common factor of 1288 and 266984?
184
Calculate the highest common factor of 7818 and 66.
6
What is the highest common factor of 25 and 505000?
25
What is the greatest common divisor of 1515400 and 400?
200
Calculate the highest common divisor of 13987494 and 18.
18
What is the greatest common factor of 137 and 13837?
137
Calculate the highest common divisor of 1224 and 8984.
8
What is the greatest common factor of 8155 and 455?
35
Calculate the highest common factor of 71839 and 16967.
361
Calculate the greatest common factor of 29725 and 1225.
25
Calculate the highest common divisor of 16 and 21432.
8
Calculate the highest common factor of 1200 and 12500.
100
Calculate the greatest common divisor of 1156 and 127738.
578
Calculate the highest common factor of 12716 and 26708.
44
Calculate the highest common divisor of 105 and 75660.
15
Calculate the greatest common divisor of 1804 and 28.
4
Calculate the highest common factor of 99919 and 3678.
613
Calculate the greatest common divisor of 13425 and 405.
15
Calculate the greatest common divisor of 41240 and 200.
40
What is the highest common divisor of 41388 and 1668?
12
Calculate the highest common factor of 90229 and 46.
23
What is the greatest common divisor of 5152 and 1469792?
736
Calculate the highest common divisor of 21870 and 354.
6
What is the highest common factor of 138675 and 2025?
75
Calculate the greatest common divisor of 113 and 494149.
113
What is the greatest common divisor of 59517 and 1945?
389
Calculate the highest common factor of 316134 and 3276.
1638
What is the highest common factor of 18072 and 558?
18
What is the highest common divisor of 24846 and 7575?
303
What is the highest common divisor of 2565 and 5535?
135
What is the highest common divisor of 324 and 92178?
162
Calculate the highest common factor of 45832 and 34037.
337
What is the greatest common divisor of 3520 and 43560?
440
What is the greatest common divisor of 8380294 and 26?
26
What is the highest common divisor of 4860 and 660?
60
What is the greatest common divisor of 283 and 3562687?
283
Calculate the highest common factor of 1149580 and 80.
20
Calculate the highest common divisor of 43260 and 12.
12
Calculate the highest common divisor of 882 and 32.
2
What is the greatest common factor of 498 and 76941?
249
What is the greatest common factor of 52260 and 121404?
804
What is the greatest common divisor of 3240 and 6885?
405
What is the greatest common factor of 3013 and 9844?
23
Calculate the highest common divisor of 102 and 40749.
51
Calculate the greatest common divisor of 3132 and 2842.
58
Calculate the highest common divisor of 168 and 9468.
12
What is the greatest common divisor of 24 and 167196?
12
Calculate the highest common divisor of 237303 and 2491.
47
What is the greatest common factor of 410 and 108814?
82
What is the highest common factor of 486 and 2484?
54
Calculate the greatest common factor of 635970 and 493.
493
Calculate the greatest common factor of 522 and 2069730.
522
Calculate the highest common factor of 594 and 2808.
54
What is the greatest common divisor of 1459313 and 41?
41
Calculate the highest common divisor of 5543 and 3856.
241
What is the highest common factor of 8605 and 10?
5
What is the greatest common factor of 119 and 7004?
17
What is the highest common divisor of 64 and 4091?
1
What is the greatest common factor of 4970 and 3756610?
710
What is the highest common divisor of 2850 and 2657150?
950
What is the highest common divisor of 50558 and 170?
34
Calculate the greatest common divisor of 3807 and 1161.
27
What is the highest common divisor of 2288546 and 65?
13
Calculate the highest common divisor of 4263 and 861.
21
Calculate the greatest common divisor of 63140 and 861.
287
What is the highest common divisor of 13167 and 891?
99
Calculate the highest common divisor of 1824295 and 33.
11
What is the highest common factor of 42630 and 204330?
1470
Calculate the highest common divisor of 2389395 and 15.
15
Calculate the 